{"id":176,"date":"2021-05-17T15:32:22","date_gmt":"2021-05-17T13:32:22","guid":{"rendered":"https:\/\/scleroz.com\/?page_id=176"},"modified":"2022-05-23T14:10:09","modified_gmt":"2022-05-23T12:10:09","slug":"a-propos","status":"publish","type":"page","link":"https:\/\/scleroz.com\/index.php\/a-propos\/","title":{"rendered":"\u00c0 propos"},"content":{"rendered":"<div class=\"vce-row-container\" data-vce-boxed-width=\"true\"><div class=\"vce-row vce-row--col-gap-30 vce-row-equal-height vce-row-content--top\" id=\"el-13bcdd61\" data-vce-do-apply=\"all el-13bcdd61\"><div class=\"vce-row-content\" data-vce-element-content=\"true\"><div class=\"vce-col vce-col--md-auto vce-col--xs-1 vce-col--xs-last vce-col--xs-first vce-col--sm-last vce-col--sm-first vce-col--md-last vce-col--lg-last vce-col--xl-last vce-col--md-first vce-col--lg-first vce-col--xl-first\" id=\"el-fb955cdd\"><div class=\"vce-col-inner\" data-vce-do-apply=\"border margin background  el-fb955cdd\"><div class=\"vce-col-content\" data-vce-element-content=\"true\" data-vce-do-apply=\"padding el-fb955cdd\"><div class=\"vce vce-separator-container vce-separator--align-center vce-separator--style-shadow\" id=\"el-b40db45f\" data-vce-do-apply=\"margin el-b40db45f\"><div class=\"vce-separator vce-separator--color-bfc0c1 vce-separator--width-60 vce-separator--thickness-1\" data-vce-do-apply=\"border padding background  el-b40db45f\"><div class=\"vce-separator-shadow vce-separator-shadow-left\"><\/div><div class=\"vce-separator-shadow vce-separator-shadow-right\"><\/div><\/div><\/div><\/div><\/div><\/div><\/div><\/div><\/div><div class=\"vce-row-container\"><div class=\"vce-row vce-row--col-gap-30 vce-row-equal-height vce-row-content--top\" data-vce-full-width=\"true\" data-vce-stretch-content=\"true\" id=\"el-ed0cee33\" data-vce-do-apply=\"all el-ed0cee33\"><div class=\"vce-content-background-container\"><\/div><div class=\"vce-row-content\" data-vce-element-content=\"true\"><div class=\"vce-col vce-col--md-auto vce-col--xs-1 vce-col--xs-last vce-col--xs-first vce-col--sm-last vce-col--sm-first vce-col--md-last vce-col--lg-last vce-col--xl-last vce-col--md-first vce-col--lg-first vce-col--xl-first\" id=\"el-be198edd\"><div class=\"vce-col-inner\" data-vce-do-apply=\"border margin background  el-be198edd\"><div class=\"vce-content-background-container\"><\/div><div class=\"vce-col-content\" data-vce-element-content=\"true\" data-vce-do-apply=\"padding el-be198edd\"><div class=\"vce-text-block\"><div class=\"vce-text-block-wrapper vce\" id=\"el-b3e9b80c\" data-vce-do-apply=\"all el-b3e9b80c\"><p>Passionn\u00e9 par la musique depuis mon plus jeune \u00e2ge, j\u2019ai commenc\u00e9 \u00e0 jouer de la basse, puis de la guitare. Autour de mes 18 ans mon grand fr\u00e8re : Sezo alias C\u00e9dric Ambord, passionn\u00e9 par le monde du djing dans le milieu Techno et Hardcore, de profession graphiste et imprimeur m\u2019a pris sous son aile.<\/p><p>Il m\u2019a permis de me perfectionner et \u00e0 me cr\u00e9er une identit\u00e9 dans la cat\u00e9gorie musique \u00e9lectronique \u2013 Techno et Hardcore en tant que DJ. Comme un effet de tremplin, gr\u00e2ce \u00e0 lui j\u2019ai pu partager l\u2019affiche avec Deborah De Luca en 2015 sous mon ancien nom Artkill.<\/p><p>Un tournant dans mon voyage musical o\u00f9 je me suis mis \u00e0 travailler plus ind\u00e9pendamment sous le nom de Scleroz en qualit\u00e9 de producteur de musique \u00e9lectronique.<\/p><p>Le travail de Sezo, autant musical que graphique, m\u2019a grandement int\u00e9ress\u00e9, j\u2019ai alors compris que je voulais exercer un m\u00e9tier cr\u00e9atif. J\u2019ai poursuivi mes \u00e9tudes en commerce o\u00f9 j\u2019ai obtenu mon certificat f\u00e9d\u00e9ral de capacit\u00e9 d\u2019employ\u00e9 de commerce. Ayant acquis les comp\u00e9tences n\u00e9cessaires dont je souhaitais en marketing et en relations sociales pour construire la base commerciale de ma chemin cr\u00e9atif.<\/p><p>Par ailleurs, j\u2019ai effectu\u00e9 une ann\u00e9e suppl\u00e9mentaire et j\u2019ai d\u00e9croch\u00e9 une maturit\u00e9 en arts-visuels et arts appliqu\u00e9s. Ce titre m\u2019a pouss\u00e9 \u00e0 continuer vers un Bachelor en cr\u00e9ation de contenu m\u00e9dias et publications dans lequel j'enrichis mes connaissances aujourd'hui.<\/p><p>Petit \u00e0 petit, j\u2019ai d\u00e9couvert une passion pour la photographie et la vid\u00e9o. Toutes ces activit\u00e9s sont compl\u00e9mentaires et sont devenus pour moi des armes de savoir. Comme des fruits dans un cocktail, chacun de ces domaines me permettent de concevoir un produit final en total autonomie. D\u00e9sormais, je cr\u00e9e des logos que j\u2019incorpore dans un montage vid\u00e9o que je construis en y ajoutant mes productions musicales.<\/p><p>Tous ces \u00e9l\u00e9ments ont \u00e9largi ma cr\u00e9ativit\u00e9 \u00e0 grande \u00e9chelle. Avec l\u2019explosivit\u00e9 d\u2019une Jagerbomb, je consacre mon temps libre \u00e0 ma passion et \u00e0 atteindre mon but. Je veux d\u00e9velopper et utiliser cette cr\u00e9ativit\u00e9 autant pour mes projets que pour des personnes qui souhaiteraient promouvoir leur identit\u00e9.<\/p><\/div><\/div><\/div><\/div><\/div><\/div><\/div><\/div><div class=\"vce-row-container\" data-vce-boxed-width=\"true\"><div class=\"vce-row vce-row--col-gap-30 vce-row-equal-height vce-row-content--top\" id=\"el-47775d13\" data-vce-do-apply=\"all el-47775d13\"><div class=\"vce-row-content\" data-vce-element-content=\"true\"><div class=\"vce-col vce-col--md-auto vce-col--xs-1 vce-col--xs-last vce-col--xs-first vce-col--sm-last vce-col--sm-first vce-col--md-last vce-col--lg-last vce-col--xl-last vce-col--md-first vce-col--lg-first vce-col--xl-first\" id=\"el-8d8d70a2\"><div class=\"vce-col-inner\" data-vce-do-apply=\"border margin background  el-8d8d70a2\"><div class=\"vce-col-content\" data-vce-element-content=\"true\" data-vce-do-apply=\"padding el-8d8d70a2\"><div class=\"vce vce-separator-container vce-separator--align-center vce-separator--style-shadow\" id=\"el-2e4bb030\" data-vce-do-apply=\"margin el-2e4bb030\"><div class=\"vce-separator vce-separator--color-bfc0c1 vce-separator--width-60 vce-separator--thickness-1\" data-vce-do-apply=\"border padding background  el-2e4bb030\"><div class=\"vce-separator-shadow vce-separator-shadow-left\"><\/div><div class=\"vce-separator-shadow vce-separator-shadow-right\"><\/div><\/div><\/div><div class=\"vce-text-block\"><div class=\"vce-text-block-wrapper vce\" id=\"el-1a578cf8\" data-vce-do-apply=\"all el-1a578cf8\"><p style=\"text-align: center;\">Choisissez un bouton pour voir mes projets ou prenez contact avec moi<\/p><\/div><\/div><\/div><\/div><\/div><\/div><\/div><\/div><div class=\"vce-row-container\"><div class=\"vce-row vce-row--col-gap-30 vce-row-equal-height vce-row-content--top\" data-vce-full-width=\"true\" data-vce-stretch-content=\"true\" id=\"el-3f665fa8\" data-vce-do-apply=\"all el-3f665fa8\"><div class=\"vce-content-background-container\"><\/div><div class=\"vce-row-content\" data-vce-element-content=\"true\"><div class=\"vce-col vce-col--md-auto vce-col--xs-1 vce-col--xs-last vce-col--xs-first vce-col--sm-last vce-col--sm-first vce-col--md-first vce-col--lg-first vce-col--xl-first\" id=\"el-e58dc3cb\"><div class=\"vce-col-inner\" data-vce-do-apply=\"border margin background  el-e58dc3cb\"><div class=\"vce-col-content\" data-vce-element-content=\"true\" data-vce-do-apply=\"padding el-e58dc3cb\"><div><\/div><\/div><\/div><\/div><div class=\"vce-col vce-col--md-auto vce-col--xs-1 vce-col--xs-last vce-col--xs-first vce-col--sm-last vce-col--sm-first\" id=\"el-4ea608c6\"><div class=\"vce-col-inner\" data-vce-do-apply=\"border margin background  el-4ea608c6\"><div class=\"vce-col-content\" data-vce-element-content=\"true\" data-vce-do-apply=\"padding el-4ea608c6\"><div class=\"vce-button--style-outline-container vce-button--style-outline-container--align-center\"><span class=\"vce-button--style-outline-wrapper vce\" id=\"el-e3ffbb0f\" data-vce-do-apply=\"margin el-e3ffbb0f\"><a class=\"vce-button vce-button--style-outline-animated vce-button--style-outline--border-square vce-button--style-outline--size-medium vce-button--style-outline-animated--color-e3e3e3--fff--3d3d3d vce-button--style-outline-animated--border-color-e3e3e3--3d3d3d vce-button--style-outline-animated--background-color-b-24-47-62\" href=\"https:\/\/scleroz.com\/index.php\/portfolio\/\" title=\"\" data-vce-do-apply=\"padding border background  el-e3ffbb0f\"><span class=\"vce-button--style-outline-text\">Design<\/span><\/a><\/span><\/div><\/div><\/div><\/div><div class=\"vce-col vce-col--md-auto vce-col--xs-1 vce-col--xs-last vce-col--xs-first vce-col--sm-last vce-col--sm-first\" id=\"el-5ab4a647\"><div class=\"vce-col-inner\" data-vce-do-apply=\"border margin background  el-5ab4a647\"><div class=\"vce-col-content\" data-vce-element-content=\"true\" data-vce-do-apply=\"padding el-5ab4a647\"><div class=\"vce-button--style-outline-container vce-button--style-outline-container--align-center\"><span class=\"vce-button--style-outline-wrapper vce\" id=\"el-552d41a9\" data-vce-do-apply=\"margin el-552d41a9\"><a class=\"vce-button vce-button--style-outline-animated vce-button--style-outline--border-square vce-button--style-outline--size-medium vce-button--style-outline-animated--color-e3e3e3--fff--3d3d3d vce-button--style-outline-animated--border-color-e3e3e3--3d3d3d vce-button--style-outline-animated--background-color-b-24-47-62\" href=\"https:\/\/scleroz.com\/index.php\/musique\/\" title=\"\" data-vce-do-apply=\"padding border background  el-552d41a9\"><span class=\"vce-button--style-outline-text\">Musique<\/span><\/a><\/span><\/div><\/div><\/div><\/div><div class=\"vce-col vce-col--md-auto vce-col--xs-1 vce-col--xs-last vce-col--xs-first vce-col--sm-last vce-col--sm-first\" id=\"el-afcb9a5c\"><div class=\"vce-col-inner\" data-vce-do-apply=\"border margin background  el-afcb9a5c\"><div class=\"vce-col-content\" data-vce-element-content=\"true\" data-vce-do-apply=\"padding el-afcb9a5c\"><div class=\"vce-button--style-outline-container vce-button--style-outline-container--align-center\"><span class=\"vce-button--style-outline-wrapper vce\" id=\"el-53f471d2\" data-vce-do-apply=\"margin el-53f471d2\"><a class=\"vce-button vce-button--style-outline-animated vce-button--style-outline--border-square vce-button--style-outline--size-medium vce-button--style-outline-animated--color-e3e3e3--fff--3d3d3d vce-button--style-outline-animated--border-color-e3e3e3--3d3d3d vce-button--style-outline-animated--background-color-b-24-47-62\" href=\"https:\/\/scleroz.com\/index.php\/accueil\/contact\/\" title=\"\" data-vce-do-apply=\"padding border background  el-53f471d2\"><span class=\"vce-button--style-outline-text\">Contact<\/span><\/a><\/span><\/div><\/div><\/div><\/div><div class=\"vce-col vce-col--md-auto vce-col--xs-1 vce-col--xs-last vce-col--xs-first vce-col--sm-last vce-col--sm-first vce-col--md-last vce-col--lg-last vce-col--xl-last\" id=\"el-410f0c70\"><div class=\"vce-col-inner\" data-vce-do-apply=\"border margin background  el-410f0c70\"><div class=\"vce-col-content\" data-vce-element-content=\"true\" data-vce-do-apply=\"padding el-410f0c70\"><div><\/div><\/div><\/div><\/div><\/div><\/div><\/div>","protected":false},"excerpt":{"rendered":"<p>Passionn\u00e9 par la musique depuis mon plus jeune \u00e2ge, j\u2019ai commenc\u00e9 \u00e0 jouer de la basse, puis de la guitare. Autour de mes 18 ans &hellip;<\/p>\n","protected":false},"author":1,"featured_media":0,"parent":0,"menu_order":0,"comment_status":"closed","ping_status":"closed","template":"","meta":{"spay_email":"","footnotes":""},"class_list":["post-176","page","type-page","status-publish","hentry"],"jetpack-related-posts":[{"id":216,"url":"https:\/\/scleroz.com\/index.php\/accueil\/contact\/","url_meta":{"origin":176,"position":0},"title":"Contact","date":"25 mai 2021","format":false,"excerpt":"Vous avez besoin de promouvoir votre identit\u00e9 \u00e0 l'aide d'un logo, d'un flyer, d'une brochure, d'un shooting photo-vid\u00e9o, d'un montage ou d'une production musicale ? Vous pouvez prendre contact avec moi \u00e0 l'aide de ce formulaire.","rel":"","context":"Article similaire","img":{"alt_text":"","src":"","width":0,"height":0},"classes":[]},{"id":24,"url":"https:\/\/scleroz.com\/","url_meta":{"origin":176,"position":1},"title":"Accueil","date":"17 mai 2021","format":false,"excerpt":"You might be an artist who would like to introduce yourself and your work here or maybe you\u2019re a business with a mission to describe.","rel":"","context":"Article similaire","img":{"alt_text":"","src":"","width":0,"height":0},"classes":[]},{"id":74,"url":"https:\/\/scleroz.com\/index.php\/musique\/","url_meta":{"origin":176,"position":2},"title":"Musique","date":"17 mai 2021","format":false,"excerpt":"Vous trouverez dans cette cat\u00e9gorie toutes les productions musicales que j'ai con\u00e7ues. Dans le milieu Techno, Melodic Techno, Hardstyle, Hardcore, Deep House, EDM. N'oubliez pas de vous abonner pour ne pas rater les prochaines sorties. \u00c0 l'aide du lecteur Spotify.EDM - DEEP HOUSE - TECHNOOpen in SpotifyOpen in SpotifyOpen in\u2026","rel":"","context":"Article similaire","img":{"alt_text":"","src":"","width":0,"height":0},"classes":[]}],"_links":{"self":[{"href":"https:\/\/scleroz.com\/index.php\/wp-json\/wp\/v2\/pages\/176","targetHints":{"allow":["GET"]}}],"collection":[{"href":"https:\/\/scleroz.com\/index.php\/wp-json\/wp\/v2\/pages"}],"about":[{"href":"https:\/\/scleroz.com\/index.php\/wp-json\/wp\/v2\/types\/page"}],"author":[{"embeddable":true,"href":"https:\/\/scleroz.com\/index.php\/wp-json\/wp\/v2\/users\/1"}],"replies":[{"embeddable":true,"href":"https:\/\/scleroz.com\/index.php\/wp-json\/wp\/v2\/comments?post=176"}],"version-history":[{"count":41,"href":"https:\/\/scleroz.com\/index.php\/wp-json\/wp\/v2\/pages\/176\/revisions"}],"predecessor-version":[{"id":958,"href":"https:\/\/scleroz.com\/index.php\/wp-json\/wp\/v2\/pages\/176\/revisions\/958"}],"wp:attachment":[{"href":"https:\/\/scleroz.com\/index.php\/wp-json\/wp\/v2\/media?parent=176"}],"curies":[{"name":"wp","href":"https:\/\/api.w.org\/{rel}","templated":true}]}}