{"id":74,"date":"2021-05-17T11:41:49","date_gmt":"2021-05-17T09:41:49","guid":{"rendered":"https:\/\/scleroz.com\/index.php\/blog-2\/"},"modified":"2021-09-27T10:35:37","modified_gmt":"2021-09-27T08:35:37","slug":"musique","status":"publish","type":"page","link":"https:\/\/scleroz.com\/index.php\/musique\/","title":{"rendered":"Musique"},"content":{"rendered":"<div class=\"vce-row-container\" data-vce-boxed-width=\"true\"><div class=\"vce-row vce-row--col-gap-30 vce-row-equal-height vce-row-content--top\" id=\"el-a7e46226\" data-vce-do-apply=\"all el-a7e46226\"><div class=\"vce-row-content\" data-vce-element-content=\"true\"><div class=\"vce-col vce-col--md-auto vce-col--xs-1 vce-col--xs-last vce-col--xs-first vce-col--sm-last vce-col--sm-first vce-col--md-last vce-col--lg-last vce-col--xl-last vce-col--md-first vce-col--lg-first vce-col--xl-first\" id=\"el-1e7ccf8b\"><div class=\"vce-col-inner\" data-vce-do-apply=\"border margin background  el-1e7ccf8b\"><div class=\"vce-col-content\" data-vce-element-content=\"true\" data-vce-do-apply=\"padding el-1e7ccf8b\"><div class=\"vce-text-block\"><div class=\"vce-text-block-wrapper vce\" id=\"el-f9debdae\" data-vce-do-apply=\"all el-f9debdae\"><p style=\"text-align: center;\">Vous trouverez dans cette cat\u00e9gorie toutes les productions musicales que j'ai con\u00e7ues. Dans le milieu Techno, Melodic Techno, Hardstyle, Hardcore, Deep House, EDM. N'oubliez pas de vous abonner pour ne pas rater les prochaines sorties. \u00c0 l'aide du lecteur Spotify.<\/p><\/div><\/div><\/div><\/div><\/div><\/div><\/div><\/div><div class=\"vce-row-container\" data-vce-boxed-width=\"true\"><div class=\"vce-row vce-row--col-gap-30 vce-row-equal-height vce-row-content--top\" id=\"el-fdd30572\" data-vce-do-apply=\"all el-fdd30572\"><div class=\"vce-row-content\" data-vce-element-content=\"true\"><div class=\"vce-col vce-col--md-auto vce-col--xs-1 vce-col--xs-last vce-col--xs-first vce-col--sm-last vce-col--sm-first vce-col--md-last vce-col--lg-last vce-col--xl-last vce-col--md-first vce-col--lg-first vce-col--xl-first\" id=\"el-1d586c05\"><div class=\"vce-col-inner\" data-vce-do-apply=\"border margin background  el-1d586c05\"><div class=\"vce-col-content\" data-vce-element-content=\"true\" data-vce-do-apply=\"padding el-1d586c05\"><div class=\"vce-text-block\"><div class=\"vce-text-block-wrapper vce\" id=\"el-844f5eb5\" data-vce-do-apply=\"all el-844f5eb5\"><h1 style=\"text-align: center;\">EDM - DEEP HOUSE - TECHNO<\/h1><\/div><\/div><\/div><\/div><\/div><\/div><\/div><\/div><div class=\"vce-row-container\" data-vce-boxed-width=\"true\"><div class=\"vce-row vce-row--col-gap-30 vce-row-equal-height vce-row-content--top\" id=\"el-5e66a381\" data-vce-do-apply=\"all el-5e66a381\"><div class=\"vce-row-content\" data-vce-element-content=\"true\"><div class=\"vce-col vce-col--md-auto vce-col--xs-1 vce-col--xs-last vce-col--xs-first vce-col--sm-last vce-col--sm-first vce-col--md-first vce-col--lg-first vce-col--xl-first\" id=\"el-499e33cb\"><div class=\"vce-col-inner\" data-vce-do-apply=\"border margin background  el-499e33cb\"><div class=\"vce-col-content\" data-vce-element-content=\"true\" data-vce-do-apply=\"padding el-499e33cb\"><div class=\"vce-text-block\"><div class=\"vce-text-block-wrapper vce\" id=\"el-99bc7f98\" data-vce-do-apply=\"all el-99bc7f98\"><p><iframe src=\"https:\/\/open.spotify.com\/embed?uri=https:\/\/open.spotify.com\/track\/2nJgVWu2U4wDzRJkKeBQ27?si=5572757db7524b91\" width=\"100%\" height=\"500\" frameborder=\"0\" allowTransparency=\"true\" allow=\"encrypted-media\" style=\"max-width:100%px;max-height:500px;\"><\/iframe><\/p><\/div><\/div><div class=\"vce-text-block\"><div class=\"vce-text-block-wrapper vce\" id=\"el-3fffc6d6\" data-vce-do-apply=\"all el-3fffc6d6\"><p style=\"text-align: center;\"><a href=\"https:\/\/open.spotify.com\/track\/2nJgVWu2U4wDzRJkKeBQ27?si=3068a74b747e4e4c\"><span style=\"font-family: helvetica, arial, sans-serif;\">Open in Spotify<\/span><\/a><\/p><\/div><\/div><\/div><\/div><\/div><div class=\"vce-col vce-col--md-auto vce-col--xs-1 vce-col--xs-last vce-col--xs-first vce-col--sm-last vce-col--sm-first\" id=\"el-d4dc770e\"><div class=\"vce-col-inner\" data-vce-do-apply=\"border margin background  el-d4dc770e\"><div class=\"vce-col-content\" data-vce-element-content=\"true\" data-vce-do-apply=\"padding el-d4dc770e\"><div class=\"vce-text-block\"><div class=\"vce-text-block-wrapper vce\" id=\"el-73580bbf\" data-vce-do-apply=\"all el-73580bbf\"><p><iframe src=\"https:\/\/open.spotify.com\/embed?uri=https:\/\/open.spotify.com\/track\/1PSIr3sC3J5jNOyXm8yCfL?si=024ffbede7dc453c\" width=\"100%\" height=\"500\" frameborder=\"0\" allowTransparency=\"true\" allow=\"encrypted-media\" style=\"max-width:100%px;max-height:500px;\"><\/iframe><\/p><\/div><\/div><div class=\"vce-text-block\"><div class=\"vce-text-block-wrapper vce\" id=\"el-9121e1c8\" data-vce-do-apply=\"all el-9121e1c8\"><p style=\"text-align: center;\"><a href=\"https:\/\/open.spotify.com\/track\/1PSIr3sC3J5jNOyXm8yCfL?si=2df4fc3585a24600\"><span style=\"font-family: helvetica, arial, sans-serif;\">Open in Spotify<\/span><\/a><\/p><\/div><\/div><\/div><\/div><\/div><div class=\"vce-col vce-col--md-auto vce-col--xs-1 vce-col--xs-last vce-col--xs-first vce-col--sm-last vce-col--sm-first vce-col--md-last vce-col--lg-last vce-col--xl-last\" id=\"el-84279696\"><div class=\"vce-col-inner\" data-vce-do-apply=\"border margin background  el-84279696\"><div class=\"vce-col-content\" data-vce-element-content=\"true\" data-vce-do-apply=\"padding el-84279696\"><div class=\"vce-text-block\"><div class=\"vce-text-block-wrapper vce\" id=\"el-0d144ea3\" data-vce-do-apply=\"all el-0d144ea3\"><p><iframe src=\"https:\/\/open.spotify.com\/embed?uri=https:\/\/open.spotify.com\/track\/30DuR72BXbTvDAFPhRUuCg?si=ddca88166bbd4322\" width=\"100%\" height=\"500\" frameborder=\"0\" allowTransparency=\"true\" allow=\"encrypted-media\" style=\"max-width:100%px;max-height:500px;\"><\/iframe><\/p><\/div><\/div><div class=\"vce-text-block\"><div class=\"vce-text-block-wrapper vce\" id=\"el-1571aae4\" data-vce-do-apply=\"all el-1571aae4\"><p style=\"text-align: center;\"><a href=\"https:\/\/open.spotify.com\/track\/30DuR72BXbTvDAFPhRUuCg?si=412cd0ab5cb54531\"><span style=\"font-family: helvetica, arial, sans-serif;\">Open in Spotify<\/span><\/a><\/p><\/div><\/div><\/div><\/div><\/div><\/div><\/div><\/div><div class=\"vce-row-container\" data-vce-boxed-width=\"true\"><div class=\"vce-row vce-row--col-gap-30 vce-row-equal-height vce-row-content--top\" id=\"el-77c92db2\" data-vce-do-apply=\"all el-77c92db2\"><div class=\"vce-row-content\" data-vce-element-content=\"true\"><div class=\"vce-col vce-col--md-auto vce-col--xs-1 vce-col--xs-last vce-col--xs-first vce-col--sm-last vce-col--sm-first vce-col--md-first vce-col--lg-first vce-col--xl-first\" id=\"el-4874d13d\"><div class=\"vce-col-inner\" data-vce-do-apply=\"border margin background  el-4874d13d\"><div class=\"vce-col-content\" data-vce-element-content=\"true\" data-vce-do-apply=\"padding el-4874d13d\"><div class=\"vce-text-block\"><div class=\"vce-text-block-wrapper vce\" id=\"el-c51f4bd4\" data-vce-do-apply=\"all el-c51f4bd4\"><p><iframe src=\"https:\/\/open.spotify.com\/embed?uri=https:\/\/open.spotify.com\/track\/1LHOHoADbfUYmWnDrSdDJv?si=3c4a5731414948a3\" width=\"100%\" height=\"500\" frameborder=\"0\" allowTransparency=\"true\" allow=\"encrypted-media\" style=\"max-width:100%px;max-height:500px;\"><\/iframe><\/p><\/div><\/div><div class=\"vce-text-block\"><div class=\"vce-text-block-wrapper vce\" id=\"el-09904654\" data-vce-do-apply=\"all el-09904654\"><p style=\"text-align: center;\"><a href=\"https:\/\/open.spotify.com\/track\/1LHOHoADbfUYmWnDrSdDJv?si=71f4c0a9aa0242bc\"><span style=\"font-family: helvetica, arial, sans-serif;\">Open in Spotify<\/span><\/a><\/p><\/div><\/div><\/div><\/div><\/div><div class=\"vce-col vce-col--md-auto vce-col--xs-1 vce-col--xs-last vce-col--xs-first vce-col--sm-last vce-col--sm-first\" id=\"el-23661d38\"><div class=\"vce-col-inner\" data-vce-do-apply=\"border margin background  el-23661d38\"><div class=\"vce-col-content\" data-vce-element-content=\"true\" data-vce-do-apply=\"padding el-23661d38\"><div class=\"vce-text-block\"><div class=\"vce-text-block-wrapper vce\" id=\"el-f4d4262d\" data-vce-do-apply=\"all el-f4d4262d\"><p><iframe src=\"https:\/\/open.spotify.com\/embed?uri=https:\/\/open.spotify.com\/track\/1wp6QjMBCyj7YLLAWsn9fW?si=e41bc8b9265a4fa1\" width=\"100%\" height=\"500\" frameborder=\"0\" allowTransparency=\"true\" allow=\"encrypted-media\" style=\"max-width:100%px;max-height:500px;\"><\/iframe><\/p><\/div><\/div><\/div><\/div><\/div><div class=\"vce-col vce-col--md-auto vce-col--xs-1 vce-col--xs-last vce-col--xs-first vce-col--sm-last vce-col--sm-first vce-col--md-last vce-col--lg-last vce-col--xl-last\" id=\"el-403325e1\"><div class=\"vce-col-inner\" data-vce-do-apply=\"border margin background  el-403325e1\"><div class=\"vce-col-content\" data-vce-element-content=\"true\" data-vce-do-apply=\"padding el-403325e1\"><\/div><\/div><\/div><\/div><\/div><\/div>\n","protected":false},"excerpt":{"rendered":"<p>Vous trouverez dans cette cat\u00e9gorie toutes les productions musicales que j&rsquo;ai con\u00e7ues. Dans le milieu Techno, Melodic Techno, Hardstyle, Hardcore, Deep House, EDM. N&rsquo;oubliez pas &hellip;<\/p>\n","protected":false},"author":1,"featured_media":0,"parent":0,"menu_order":0,"comment_status":"closed","ping_status":"closed","template":"","meta":{"spay_email":"","footnotes":""},"class_list":["post-74","page","type-page","status-publish","hentry"],"jetpack-related-posts":[{"id":176,"url":"https:\/\/scleroz.com\/index.php\/a-propos\/","url_meta":{"origin":74,"position":0},"title":"\u00c0 propos","date":"17 mai 2021","format":false,"excerpt":"Passionn\u00e9 par la musique depuis mon plus jeune \u00e2ge, j\u2019ai commenc\u00e9 \u00e0 jouer de la basse, puis de la guitare. Autour de mes 18 ans mon grand fr\u00e8re : Sezo alias C\u00e9dric Ambord, passionn\u00e9 par le monde du djing dans le milieu Techno et Hardcore, de profession graphiste et imprimeur\u2026","rel":"","context":"Article similaire","img":{"alt_text":"","src":"","width":0,"height":0},"classes":[]}],"_links":{"self":[{"href":"https:\/\/scleroz.com\/index.php\/wp-json\/wp\/v2\/pages\/74","targetHints":{"allow":["GET"]}}],"collection":[{"href":"https:\/\/scleroz.com\/index.php\/wp-json\/wp\/v2\/pages"}],"about":[{"href":"https:\/\/scleroz.com\/index.php\/wp-json\/wp\/v2\/types\/page"}],"author":[{"embeddable":true,"href":"https:\/\/scleroz.com\/index.php\/wp-json\/wp\/v2\/users\/1"}],"replies":[{"embeddable":true,"href":"https:\/\/scleroz.com\/index.php\/wp-json\/wp\/v2\/comments?post=74"}],"version-history":[{"count":23,"href":"https:\/\/scleroz.com\/index.php\/wp-json\/wp\/v2\/pages\/74\/revisions"}],"predecessor-version":[{"id":912,"href":"https:\/\/scleroz.com\/index.php\/wp-json\/wp\/v2\/pages\/74\/revisions\/912"}],"wp:attachment":[{"href":"https:\/\/scleroz.com\/index.php\/wp-json\/wp\/v2\/media?parent=74"}],"curies":[{"name":"wp","href":"https:\/\/api.w.org\/{rel}","templated":true}]}}